i. Let s(a) be the third derivative of w(a). What are the prime factors of s(-2)?
2, 3, 7
Let c = -5 - -3. Let s(k) = -8*k**3 - 3*k**2 - 2*k + 1. What are the prime factors of s(c)?
3, 19
Let o be ((-48)/(-20) + -3)*-5. Suppose -5*i + 368 = -3*h, i + o*h - 362 = -4*i. What are the prime factors of i?
73
Let s = 24 - 38. Let n = s - -41. What are the prime factors of n?
3
Let c(j) = -20 + 18*j - 21 - 36. What are the prime factors of c(7)?
7
Let y = -3077 + 7573. Suppose 0 = 12*b + 4*b - y. What are the prime factors of b?
281
Let f(j) = -20*j**2 + 22*j + 32. Let g(v) = 7*v**2 - 7*v - 11. Let t(m) = -6*f(m) - 17*g(m). List the prime factors of t(14).
3
Suppose 7850 = 8*t + 1874. What are the prime factors of t?
3, 83
Let a = -1227 - -2171. What are the prime factors of a?
2, 59
Let g(v) = 297*v - 421. What are the prime factors of g(11)?
2, 1423
Let y = -46 + 110. Suppose 0 = -4*k - 0*k + y. Let o = k + -10. List the prime factors of o.
2, 3
Let i = -122 - -228. Suppose 4*u = -2*y - i + 544, -4*u - 4*y = -428. List the prime factors of u.
2, 7
Suppose 0 = 18*r - 63 - 63. Suppose -736 = -r*k + 272. What are the prime factors of k?
2, 3
Let a(n) = 262*n. What are the prime factors of a(2)?
2, 131
Let a(b) = -5*b - 10. Let g be a(-3). Suppose 0 = -6*w + 5*w + k + 233, -1162 = -g*w + 4*k. List the prime factors of w.
2, 5, 23
Suppose -12452 = 5*l - 1612. Let q be 2/7 - l/56. Let s = q - 12. What are the prime factors of s?
3
Suppose 0 = 2*h - 4*n, 3*h - n = 4*n + 5. Let z = h - 4. Suppose -2*q + 42 = -z. List the prime factors of q.
2, 3
Let b(h) = -h**3 + h**2 + 5*h - 87. List the prime factors of b(-14).
11, 23
Suppose 0 = -4*g - 12, 2820 = v - 4*g + g. List the prime factors of v.
3, 937
Suppose 2*n - 4 = -2*c, -2*n - 5 = -c - 3. Suppose 10 = -c*u - 6. Let m = u + 47. List the prime factors of m.
3, 13
Let p be 22/6 - (-6)/(-9). Suppose -p*h + 64 = -d, h + d - 13 = 3*d. What are the prime factors of h?
23
Let c(m) be the first derivative of 4*m**3/3 + m**2 + 6*m + 3. What are the prime factors of c(3)?
2, 3
Let j be (8/(-6))/(-2)*-6. Let o(t) = -2*t - 6. Let a be o(j). Suppose 2*r = 2*z + 32, -15 = -a*r - 2*z + 33. What are the prime factors of r?
2, 5
Let w be (1 + 40/(-5))*14/(-1). Let i = w + -60. List the prime factors of i.
2, 19
Let k(d) be the third derivative of d**5/60 - d**4/12 + 149*d**3/3 + d**2. What are the prime factors of k(0)?
2, 149
Let b = 24 + -114. Let q = b - -201. What are the prime factors of q?
3, 37
Let h be (-26 - -22) + 1059 + 0. Suppose 2*k + 2*m - 497 = 207, -3*k - 2*m = -h. What are the prime factors of k?
3, 13
Suppose 0 = h + 2*n - 1, -3*n - 6 = 6. Let k = 3 + h. Let q(c) = c**3 - 12*c**2 + 2*c + 4. List the prime factors of q(k).
2, 7
Let i = -136 + 490. Suppose -i - 166 = 5*u. List the prime factors of u/(-12) - (-6)/(-9).
2
Suppose 0 = 3*x - t - 7063, 23*x - 2376 = 22*x - 4*t. List the prime factors of x.
2, 19, 31
Let t(s) be the second derivative of s**5/20 + s**4/4 - 2*s**3/3 - 3*s**2 - 29*s. List the prime factors of t(5).
2, 3, 29
Suppose 0 = -p + 5*p - 88. Let l = p + -19. Let v = 13 - l. What are the prime factors of v?
2, 5
List the prime factors of 1/(-4)*-13913 - (-4)/(-16).
2, 37, 47
Let n = -1095 - -1174. What are the prime factors of n?
79
Let b(c) = c**3 - 13*c**2 - c + 17. Let z be b(13). What are the prime factors of 2/z + (-247)/(-26)?
2, 5
Suppose 0 = 2*d + 2*u, -3*d - 3*u = -6*u - 18. Let j(m) = -d*m**2 - 7 + 31*m**3 + 2*m**2 + 8 - 3*m**3. List the prime factors of j(1).
2, 7
Let v be 4/6 - 1360/(-12). Let n = 4 + -9. List the prime factors of 2/n + v/10.
11
Let t(p) = 4*p**2 + 5*p - 22. What are the prime factors of t(-10)?
2, 41
Let c be (-4 - (4 - -8)) + 3. List the prime factors of (-3192)/(-39) - 2/c.
2, 41
Let y = -2569 + 5051. What are the prime factors of y?
2, 17, 73
Let j = -27 + 31. Suppose j*a + 18 = -5*x, 0 = -3*x - 2*a - 6 - 4. List the prime factors of (-1)/2 - 91/x.
3, 5
Let x = 1209 - 1084. List the prime factors of x.
5
Suppose 58 = 5*l + 4*s, 0 = -5*l + s - 2*s + 52. Let u(w) = -13*w + 21. Let x be u(1). Let p = l - x. List the prime factors of p.
2
Suppose -5*g + 32 = 12. Let c be (-150)/(-20) - (-2)/g. Suppose 0 = 3*m - 2*d - c, -6*d = 2*m - d - 37. What are the prime factors of m?
2, 3
Let i be 621/(-5) - 2/(-10). Let z = i - -233. What are the prime factors of z?
109
Suppose 3*y = 560 + 100. What are the prime factors of y?
2, 5, 11
Let j(h) be the third derivative of h**6/120 - h**4/24 + 113*h**3/6 + 19*h**2. List the prime factors of j(0).
113
Suppose -5*g - 4*y = -3*y - 123, 2*y - 102 = -4*g. Suppose -s = -4*s - g. Let j = 93 + s. What are the prime factors of j?
5, 17
Let t(m) = 14*m**3 + 18*m**2 - 9*m - 10. Let h(l) = -5*l**3 - 6*l**2 + 3*l + 3. Let c(s) = -11*h(s) - 4*t(s). List the prime factors of c(-7).
5, 7
Let f = 179 + -31. Suppose -5*x + 132 = -f. Suppose 0*v = 2*v - x. List the prime factors of v.
2, 7
Let k(n) = 23*n**2 + n - 1. Let w be k(-2). Let j(x) = -w + 76 + 21*x - 8*x - x**2. What are the prime factors of j(8)?
3
Let r = -110 - -329. Suppose 0 = m + 121 - r. List the prime factors of m.
2, 7
Let h = -32 - -105. List the prime factors of h.
73
Let r = -14 + 17. Suppose 0*g = h - 4*g - 74, -r*h + 238 = 4*g. List the prime factors of h.
2, 3, 13
Let j be -2 + 1 + (-7 - -16). Suppose -2*m + 4*z = -26, m + 1 = 5*z + j. List the prime factors of m.
17
Let a = 108 - 113. What are the prime factors of (-2)/(-5)*-1 + (-102)/a?
2, 5
Let j(v) = -v**3 - 2*v**2 - 5*v + 3. Suppose -f + 10 = -a - 3*f, 0 = -5*a + 4*f - 8. What are the prime factors of j(a)?
5, 11
Let u(r) = 5*r**2 - 17*r - 40. List the prime factors of u(9).
2, 53
Let s(b) = 570*b**2 + 32*b + 67. List the prime factors of s(-2).
3, 761
Let o(g) = 33*g + 1. Suppose 0 = 4*b - 5*l - 24, 5*b - l = 3*l + 21. List the prime factors of o(b).
2, 17
Suppose 5*c + 89 = 14. Let z be (0 - (29 - 4))/(-1). Let f = c + z. What are the prime factors of f?
2, 5
Suppose 3*h - 2*t - 4456 = 0, 50 = -2*t + 40. List the prime factors of h.
2, 3, 13, 19
Suppose 3*d - 15 = -33. Let k = 77 - d. List the prime factors of k.
83
Suppose r + 8 = 5*m, 0 = 2*r + m + 4 - 10. Suppose -p + r*p - 176 = 0. What are the prime factors of p?
2, 11
Suppose 8*n = 10*n. Suppose n = -3*p + y - 137, 3*y = -p - 0*y - 39. List the prime factors of (-1377)/p + (-6)/10.
2, 3, 5
Let t = 676 - 343. Suppose -t = -4*x + x. What are the prime factors of x?
3, 37
Let g(j) be the third derivative of j**4/6 + 5*j**3/3 + j**2. Let n be g(10). What are the prime factors of n/18 - 6/(-27)?
3
Let v be (-145)/(-3) - 8/24. Let d be (58/(-4))/((-3)/v). Suppose -5*z = -d + 17. List the prime factors of z.
43
Let d(m) be the first derivative of -1/2*m**2 + 2 - m - 19/4*m**4 + 0*m**3. List the prime factors of d(-1).
19
Suppose -1558 = -x - 5*r - 0*r, 0 = 2*x - 3*r - 3116. What are the prime factors of x?
2, 19, 41
Let l = 641 - 69. List the prime factors of l.
2, 11, 13
Let l(t) = t**3 + 21*t**2 + 41*t + 93. What are the prime factors of l(-19)?
2, 3
Let o = 97 - 63. Let u = 70 - o. List the prime factors of u.
2, 3
Let z(d) = -21*d - 10. Let v(w) = -20*w - 11. Let y(o) = 6*v(o) - 5*z(o). What are the prime factors of y(-6)?
2, 37
Suppose 4*y - 2*a = -5*a - 2, -4*y - 16 = -4*a. What are the prime factors of -10*(y/10)/(4/10)?
5
Let c be 1 - ((-2 - 2) + 3). Suppose h + 91 = -y + 6*y, c*h = -y - 149. Let v = -44 - h. List the prime factors of v.
2
Let l = 23 + -20. Suppose -2*o = 5*c - 245, -2*c = -o - l - 95. List the prime factors of c.
7
Suppose -10*i = 2*i - 17076. List the prime factors of i.
1423
Suppose -13*m = -14*m + 2. Suppose m*j - 7*j + 535 = 0. What are the prime factors of j?
107
Let c = -136 - -262. Let i = c + 114. What are the prime factors of i?
2, 3, 5
Let i(w) = w**2 + 29*w - 61. List the prime factors of i(-40).
379
Suppose -2*s + 64 = -2*f - f, f + 96 = 3*s. Let q = 62 - s. Suppose 0 = 5*h, 2*w - 5*h = q + 24. List the prime factors of w.
3
Suppose -31*g = -42*g + 6413. List the prime factors of g.
11, 53
Let u = -29 - -35. Let y be (-4)/u + (-494)/(-3). Let z = y + -99. List the prime factors of z.
5, 13
Suppose 11*p = 1437 + 488. List the prime factors of p.
5, 7
Let p be ((-6)/4)/((-18)/36). Suppose 9 + p = 6*d. List the prime fact